[INFO] cloning repository https://github.com/jpoler/futures-0.3-compat
[INFO] running `Command { std: "git" "-c" "credential.helper=" "-c" "credential.helper=/workspace/cargo-home/bin/git-credential-null" "clone" "--bare" "https://github.com/jpoler/futures-0.3-compat" "/workspace/cache/git-repos/https%3A%2F%2Fgithub.com%2Fjpoler%2Ffutures-0.3-compat", kill_on_drop: false }`
[INFO] [stderr] Cloning into bare repository '/workspace/cache/git-repos/https%3A%2F%2Fgithub.com%2Fjpoler%2Ffutures-0.3-compat'...
[INFO] running `Command { std: "git" "rev-parse" "HEAD", kill_on_drop: false }`
[INFO] [stdout] cdec9e5473dbf38588361b3dc5a45f9686e9c66f
[INFO] checking jpoler/futures-0.3-compat against master#af3c6e733a40e671550e0f0f5aeecaa13772ba56 for pr-74989
[INFO] running `Command { std: "git" "clone" "/workspace/cache/git-repos/https%3A%2F%2Fgithub.com%2Fjpoler%2Ffutures-0.3-compat" "/workspace/builds/worker-6/source", kill_on_drop: false }`
[INFO] [stderr] Cloning into '/workspace/builds/worker-6/source'...
[INFO] [stderr] done.
[INFO] validating manifest of git repo https://github.com/jpoler/futures-0.3-compat on toolchain af3c6e733a40e671550e0f0f5aeecaa13772ba56
[INFO] running `Command { std: "/workspace/cargo-home/bin/cargo" "+af3c6e733a40e671550e0f0f5aeecaa13772ba56" "read-manifest" "--manifest-path" "Cargo.toml", kill_on_drop: false }`
[INFO] started tweaking git repo https://github.com/jpoler/futures-0.3-compat
[INFO] finished tweaking git repo https://github.com/jpoler/futures-0.3-compat
[INFO] tweaked toml for git repo https://github.com/jpoler/futures-0.3-compat written to /workspace/builds/worker-6/source/Cargo.toml
[INFO] crate git repo https://github.com/jpoler/futures-0.3-compat already has a lockfile, it will not be regenerated
[INFO] running `Command { std: "/workspace/cargo-home/bin/cargo" "+af3c6e733a40e671550e0f0f5aeecaa13772ba56" "fetch" "--locked" "--manifest-path" "Cargo.toml", kill_on_drop: false }`
[INFO] [stderr] warning: the cargo feature `edition` is now stable and is no longer necessary to be listed in the manifest
[INFO] [stderr] warning: the cargo feature `rename-dependency` is now stable and is no longer necessary to be listed in the manifest
[INFO] [stderr]     Blocking waiting for file lock on package cache
[INFO] [stderr]  Downloading crates ...
[INFO] [stderr]   Downloaded vcpkg v0.2.4
[INFO] [stderr]   Downloaded tokio-udp v0.1.1
[INFO] [stderr]   Downloaded h2 v0.1.11
[INFO] [stderr]   Downloaded tokio-reactor v0.1.2
[INFO] [stderr]   Downloaded itoa v0.4.2
[INFO] [stderr]   Downloaded byteorder v1.2.4
[INFO] [stderr]   Downloaded tokio-io v0.1.7
[INFO] [stderr]   Downloaded httparse v1.3.2
[INFO] [stderr]   Downloaded pkg-config v0.3.12
[INFO] [stderr]   Downloaded openssl-sys v0.9.35
[INFO] [stderr]   Downloaded rand v0.5.4
[INFO] [stderr]   Downloaded crossbeam-epoch v0.4.3
[INFO] [stderr]   Downloaded native-tls v0.2.1
[INFO] [stderr]   Downloaded hyper-tls v0.3.0
[INFO] [stderr]   Downloaded tokio-timer v0.2.4
[INFO] [stderr]   Downloaded tokio-codec v0.1.0
[INFO] [stderr]   Downloaded mio v0.6.15
[INFO] [stderr]   Downloaded schannel v0.1.13
[INFO] [stderr]   Downloaded bytes v0.4.9
[INFO] [stderr]   Downloaded tokio-threadpool v0.1.5
[INFO] [stderr]   Downloaded tokio v0.1.7
[INFO] [stderr]   Downloaded tokio-fs v0.1.2
[INFO] [stderr]   Downloaded openssl v0.10.11
[INFO] [stderr]   Downloaded http v0.1.8
[INFO] [stderr]   Downloaded futures v0.1.23
[INFO] [stderr]   Downloaded hyper v0.12.7
[INFO] running `Command { std: "docker" "create" "-v" "/var/lib/crater-agent-workspace/builds/worker-6/target:/opt/rustwide/target:rw,Z" "-v" "/var/lib/crater-agent-workspace/builds/worker-6/source:/opt/rustwide/workdir:ro,Z" "-v" "/var/lib/crater-agent-workspace/cargo-home:/opt/rustwide/cargo-home:ro,Z" "-v" "/var/lib/crater-agent-workspace/rustup-home:/opt/rustwide/rustup-home:ro,Z" "-e" "SOURCE_DIR=/opt/rustwide/workdir" "-e" "CARGO_TARGET_DIR=/opt/rustwide/target" "-e" "CARGO_HOME=/opt/rustwide/cargo-home" "-e" "RUSTUP_HOME=/opt/rustwide/rustup-home" "-w" "/opt/rustwide/workdir" "-m" "1610612736" "--user" "0:0" "--network" "none" "rustops/crates-build-env@sha256:d92eaeed33fa75130ca1ee6c8a01d1ffb62bac859dfdfb3450e3e5d1c0146529" "/opt/rustwide/cargo-home/bin/cargo" "+af3c6e733a40e671550e0f0f5aeecaa13772ba56" "metadata" "--no-deps" "--format-version=1", kill_on_drop: false }`
[INFO] [stdout] 2f6def24a50ffc4671b058da66b8808f9624332ccb2b8dd24063fa8047d941bd
[INFO] [stderr] WARNING: Your kernel does not support swap limit capabilities or the cgroup is not mounted. Memory limited without swap.
[INFO] running `Command { std: "docker" "start" "-a" "2f6def24a50ffc4671b058da66b8808f9624332ccb2b8dd24063fa8047d941bd", kill_on_drop: false }`
[INFO] running `Command { std: "docker" "inspect" "2f6def24a50ffc4671b058da66b8808f9624332ccb2b8dd24063fa8047d941bd", kill_on_drop: false }`
[INFO] running `Command { std: "docker" "rm" "-f" "2f6def24a50ffc4671b058da66b8808f9624332ccb2b8dd24063fa8047d941bd", kill_on_drop: false }`
[INFO] [stdout] 2f6def24a50ffc4671b058da66b8808f9624332ccb2b8dd24063fa8047d941bd
[INFO] running `Command { std: "docker" "create" "-v" "/var/lib/crater-agent-workspace/builds/worker-6/target:/opt/rustwide/target:rw,Z" "-v" "/var/lib/crater-agent-workspace/builds/worker-6/source:/opt/rustwide/workdir:ro,Z" "-v" "/var/lib/crater-agent-workspace/cargo-home:/opt/rustwide/cargo-home:ro,Z" "-v" "/var/lib/crater-agent-workspace/rustup-home:/opt/rustwide/rustup-home:ro,Z" "-e" "SOURCE_DIR=/opt/rustwide/workdir" "-e" "CARGO_TARGET_DIR=/opt/rustwide/target" "-e" "CARGO_INCREMENTAL=0" "-e" "RUST_BACKTRACE=full" "-e" "RUSTFLAGS=--cap-lints=forbid" "-e" "CARGO_HOME=/opt/rustwide/cargo-home" "-e" "RUSTUP_HOME=/opt/rustwide/rustup-home" "-w" "/opt/rustwide/workdir" "-m" "1610612736" "--user" "0:0" "--network" "none" "rustops/crates-build-env@sha256:d92eaeed33fa75130ca1ee6c8a01d1ffb62bac859dfdfb3450e3e5d1c0146529" "/opt/rustwide/cargo-home/bin/cargo" "+af3c6e733a40e671550e0f0f5aeecaa13772ba56" "check" "--frozen" "--all" "--all-targets" "--message-format=json", kill_on_drop: false }`
[INFO] [stdout] d1b5ada8e3e936e0521ca9320a69646b6f96cf726a3060734d34eab712d40c56
[INFO] [stderr] WARNING: Your kernel does not support swap limit capabilities or the cgroup is not mounted. Memory limited without swap.
[INFO] running `Command { std: "docker" "start" "-a" "d1b5ada8e3e936e0521ca9320a69646b6f96cf726a3060734d34eab712d40c56", kill_on_drop: false }`
[INFO] [stderr] warning: the cargo feature `edition` is now stable and is no longer necessary to be listed in the manifest
[INFO] [stderr] warning: the cargo feature `rename-dependency` is now stable and is no longer necessary to be listed in the manifest
[INFO] [stderr]     Checking libc v0.2.42
[INFO] [stderr]     Checking cfg-if v0.1.4
[INFO] [stderr]    Compiling version_check v0.1.4
[INFO] [stderr]     Checking slab v0.4.1
[INFO] [stderr]     Checking nodrop v0.1.12
[INFO] [stderr]     Checking foreign-types-shared v0.1.1
[INFO] [stderr]    Compiling httparse v1.3.2
[INFO] [stderr]     Checking bitflags v1.0.3
[INFO] [stderr]     Checking string v0.1.1
[INFO] [stderr]     Checking try-lock v0.2.2
[INFO] [stderr]     Checking openssl-probe v0.1.2
[INFO] [stderr]     Checking tokio-executor v0.1.2
[INFO] [stderr]    Compiling openssl-sys v0.9.35
[INFO] [stderr]     Checking futures-core-preview v0.3.0-alpha.2 (https://github.com/rust-lang-nursery/futures-rs?branch=master#86c40ff7)
[INFO] [stderr]     Checking arrayvec v0.4.7
[INFO] [stderr]     Checking log v0.4.3
[INFO] [stdout] error[E0432]: unresolved import `core::mem::PinMut`
[INFO] [stdout]  --> /opt/rustwide/cargo-home/git/checkouts/futures-rs-4ca77cb4f4f05ac4/86c40ff/futures-core/src/future.rs:4:5
[INFO] [stdout]   |
[INFO] [stdout] 4 | use core::mem::PinMut;
[INFO] [stdout]   |     ^^^^^^^^^^^^^^^^^ no `PinMut` in `mem`
[INFO] [stdout] 
[INFO] [stdout] 
[INFO] [stdout] error[E0432]: unresolved imports `core::future::FutureObj`, `core::future::LocalFutureObj`, `core::future::UnsafeFutureObj`
[INFO] [stdout]  --> /opt/rustwide/cargo-home/git/checkouts/futures-rs-4ca77cb4f4f05ac4/86c40ff/futures-core/src/future.rs:6:32
[INFO] [stdout]   |
[INFO] [stdout] 6 | pub use core::future::{Future, FutureObj, LocalFutureObj, UnsafeFutureObj};
[INFO] [stdout]   |                                ^^^^^^^^^  ^^^^^^^^^^^^^^  ^^^^^^^^^^^^^^^ no `UnsafeFutureObj` in `future`
[INFO] [stdout]   |                                |          |
[INFO] [stdout]   |                                |          no `LocalFutureObj` in `future`
[INFO] [stdout]   |                                no `FutureObj` in `future`
[INFO] [stdout]   |                                help: a similar name exists in the module: `Future`
[INFO] [stdout] 
[INFO] [stdout] 
[INFO] [stdout] error[E0432]: unresolved import `core::mem::PinMut`
[INFO] [stdout]  --> /opt/rustwide/cargo-home/git/checkouts/futures-rs-4ca77cb4f4f05ac4/86c40ff/futures-core/src/stream.rs:5:5
[INFO] [stdout]   |
[INFO] [stdout] 5 | use core::mem::PinMut;
[INFO] [stdout]   |     ^^^^^^^^^^^^^^^^^ no `PinMut` in `mem`
[INFO] [stdout] 
[INFO] [stdout] 
[INFO] [stdout] error[E0432]: unresolved imports `core::task::Executor`, `core::task::LocalWaker`, `core::task::UnsafeWake`, `core::task::SpawnErrorKind`, `core::task::SpawnObjError`, `core::task::SpawnLocalObjError`
[INFO] [stdout]  --> /opt/rustwide/cargo-home/git/checkouts/futures-rs-4ca77cb4f4f05ac4/86c40ff/futures-core/src/task.rs:4:20
[INFO] [stdout]   |
[INFO] [stdout] 4 |     Context, Poll, Executor,
[INFO] [stdout]   |                    ^^^^^^^^ no `Executor` in `task`
[INFO] [stdout] 5 |     Waker, LocalWaker, UnsafeWake,
[INFO] [stdout]   |            ^^^^^^^^^^  ^^^^^^^^^^ no `UnsafeWake` in `task`
[INFO] [stdout]   |            |
[INFO] [stdout]   |            no `LocalWaker` in `task`
[INFO] [stdout] 6 |     SpawnErrorKind, SpawnObjError, SpawnLocalObjError,
[INFO] [stdout]   |     ^^^^^^^^^^^^^^  ^^^^^^^^^^^^^  ^^^^^^^^^^^^^^^^^^ no `SpawnLocalObjError` in `task`
[INFO] [stdout]   |     |               |
[INFO] [stdout]   |     |               no `SpawnObjError` in `task`
[INFO] [stdout]   |     no `SpawnErrorKind` in `task`
[INFO] [stdout] 
[INFO] [stdout] 
[INFO] [stdout] error[E0432]: unresolved import `std::boxed::PinBox`
[INFO] [stdout]    --> /opt/rustwide/cargo-home/git/checkouts/futures-rs-4ca77cb4f4f05ac4/86c40ff/futures-core/src/stream.rs:128:27
[INFO] [stdout]     |
[INFO] [stdout] 128 |     use std::boxed::{Box, PinBox};
[INFO] [stdout]     |                           ^^^^^^ no `PinBox` in `boxed`
[INFO] [stdout] 
[INFO] [stdout] 
[INFO] [stdout] error[E0432]: unresolved imports `std::task::local_waker`, `std::task::local_waker_from_nonlocal`
[INFO] [stdout]   --> /opt/rustwide/cargo-home/git/checkouts/futures-rs-4ca77cb4f4f05ac4/86c40ff/futures-core/src/task.rs:10:31
[INFO] [stdout]    |
[INFO] [stdout] 10 |     pub use std::task::{Wake, local_waker, local_waker_from_nonlocal};
[INFO] [stdout]    |                               ^^^^^^^^^^^  ^^^^^^^^^^^^^^^^^^^^^^^^^ no `local_waker_from_nonlocal` in `task`
[INFO] [stdout]    |                               |
[INFO] [stdout]    |                               no `local_waker` in `task`
[INFO] [stdout] 
[INFO] [stdout] 
[INFO] [stdout] error[E0658]: use of unstable library feature 'wake_trait'
[INFO] [stdout]   --> /opt/rustwide/cargo-home/git/checkouts/futures-rs-4ca77cb4f4f05ac4/86c40ff/futures-core/src/task.rs:10:25
[INFO] [stdout]    |
[INFO] [stdout] 10 |     pub use std::task::{Wake, local_waker, local_waker_from_nonlocal};
[INFO] [stdout]    |                         ^^^^
[INFO] [stdout]    |
[INFO] [stdout]    = note: see issue #69912 <https://github.com/rust-lang/rust/issues/69912> for more information
[INFO] [stdout]    = help: add `#![feature(wake_trait)]` to the crate attributes to enable
[INFO] [stdout] 
[INFO] [stdout] 
[INFO] [stderr]     Checking crossbeam-utils v0.3.2
[INFO] [stdout] error: aborting due to 7 previous errors
[INFO] [stdout] 
[INFO] [stdout] 
[INFO] [stdout] Some errors have detailed explanations: E0432, E0658.
[INFO] [stdout] 
[INFO] [stdout] For more information about an error, try `rustc --explain E0432`.
[INFO] [stdout] 
[INFO] [stderr] error: could not compile `futures-core-preview`.
[INFO] [stderr] 
[INFO] [stderr] To learn more, run the command again with --verbose.
[INFO] [stderr] warning: build failed, waiting for other jobs to finish...
[INFO] [stderr] error: build failed
[INFO] running `Command { std: "docker" "inspect" "d1b5ada8e3e936e0521ca9320a69646b6f96cf726a3060734d34eab712d40c56", kill_on_drop: false }`
[INFO] running `Command { std: "docker" "rm" "-f" "d1b5ada8e3e936e0521ca9320a69646b6f96cf726a3060734d34eab712d40c56", kill_on_drop: false }`
[INFO] [stdout] d1b5ada8e3e936e0521ca9320a69646b6f96cf726a3060734d34eab712d40c56
